2 a factor of 1*-4 - -1 - p?
True
Let d = 13 - 10. Does 2 divide d?
False
Let f be (7/3)/(9/81). Suppose z + f = 2*z. Is 7 a factor of z?
True
Suppose -w + 5*o + 97 = 0, 4*w + 3*o = o + 278. Is 5 a factor of w?
False
Suppose 3*b + 4 = -4*j, -b + 2*j = -4*b - 14. Let w = b - -13. Does 4 divide w?
False
Is 19 a factor of 4 + (-60)/3*-2?
False
Is -1 + 1 + -1 - -25 a multiple of 13?
False
Let u = 89 - 63. Let h be -4*1/1*4. Let y = h + u. Is 7 a factor of y?
False
Let q(k) = -2*k**3 - 4*k**3 + 2*k**3 - 1 - 2*k - k**2. Let d(u) = -u**3 + 3*u**2 + 4*u - 2. Let o be d(4). Is 14 a factor of q(o)?
False
Suppose 0 = r - 4*r + 33. Let p(q) = q**3 - 12*q**2 + 14*q + 9. Does 11 divide p(r)?
False
Let v be (14/4)/((-3)/(-6)). Suppose -v*x + 2*x + p = 29, -2*x = 2*p + 2. Does 17 divide (-40)/x*17/4?
True
Let g(d) be the second derivative of 2*d**3/3 - d**2 - 5*d. Is 7 a factor of g(8)?
False
Let b = 14 - -127. Is 21 a factor of ((-10)/(-30))/(1/b)?
False
Suppose 0 = -5*g + 5*i - 35, 2*i + 12 = -4*g - 10. Let c = -1 - g. Let n = 21 + c. Is n a multiple of 13?
True
Suppose 3*t + 8 = 7*t. Suppose 0 = 2*y + d - 13, -t*y - 2*d = d - 11. Is y a multiple of 7?
True
Let a = 69 + -36. Suppose 2*z - 4 = -0. Suppose 2 = -2*d - 6*q + 3*q, z*q + a = 5*d. Does 2 divide d?
False
Suppose 7*d - 3*r = 2*d + 56, d + 2*r - 19 = 0. Is d even?
False
Let u be (6/(-9))/(2/6). Is 2 a factor of (u - 1)*(-5)/3?
False
Let v(y) = -y**2 + 8*y - 8. Let w be v(6). Suppose -4*s = -3*z + 160, -w*z + 158 = -z - 2*s. Is z a multiple of 27?
False
Let n(d) be the third derivative of 1/60*d**5 + 0 - 2*d**2 + 1/8*d**4 + 0*d + 2/3*d**3. Is n(-3) even?
True
Let t be (-1)/1*3 + 2. Let o = t - -1. Suppose o = -2*y + 10. Is y a multiple of 2?
False
Suppose 0 = -2*s - 3*s, -5*q + 10 = -3*s. Suppose -4*c + q*f + 148 = -0*f, -2*c - 4*f + 54 = 0. Does 21 divide c?
False
Let z(b) = 7*b**3 - 1. Let s be z(1). Suppose 5*u = 14 + s. Suppose 2*g = u*g - 10, -g = 4*x - 69. Is 9 a factor of x?
False
Suppose -r = 5*i - 55, -3*r = 4*i - 25 - 8. Let s = i - 3. Let b(g) = -g**3 + 9*g**2 + 2*g - 10. Does 4 divide b(s)?
True
Let k(o) = -o**3 - 4*o**2 - 2*o + 4. Let w be k(-3). Is 24 a factor of -2 + 49/1 + w?
True
Let n be -1 + (-1 - (-16)/(-2)). Let h be (12/n)/(8/20). Does 21 divide (2*-19)/(2/h)?
False
Let v = 406 + -228. Suppose 0 = -2*d + 2*w + 76, 5*d - 5*w = -4*w + v. Is d a multiple of 17?
False
Suppose -3*p - 49 = -469. Is p a multiple of 20?
True
Let g(f) = 3*f**3 + 2*f**2 - f. Let a be g(1). Suppose 5*m = 15, a*m = 5*u + 4 - 22. Does 7 divide u/(-4)*(-112)/12?
True
Is ((-24)/(-14))/((-1)/(-63)) a multiple of 11?
False
Let g = -32 - -99. Let v = g - 19. Does 12 divide v?
True
Suppose 4*j - 124 = 3*j. Suppose 35 + 59 = 3*q + 2*h, -4*q + j = 3*h. Is q a multiple of 17?
True
Suppose 6*w + 600 = 11*w. Does 33 divide w?
False
Let i = -7 + 28. Suppose 8 = -2*t + 2*z + 22, -3*t + 5*z + i = 0. Does 3 divide t?
False
Suppose -20 = -64*a + 63*a. Is a a multiple of 4?
True
Let z(b) = 3*b**2 - 5*b - 4. Is z(4) a multiple of 8?
True
Let o = -13 - -22. Let b(i) = -i**3 + 10*i**2 - 5*i - 10. Is 19 a factor of b(o)?
False
Suppose -6*u = -2*u - 400. Is 25 a factor of u?
True
Suppose -3*x = -4*x. Suppose 2*t = -x*t + 10. Suppose t*b = 154 - 59. Does 19 divide b?
True
Let w be ((-30)/(-18))/((-1)/(-3)). Suppose -w*m - 18 = -2*m. Is 6 a factor of (-1 + 9/m)*-4?
False
Suppose 0 = 4*f - 4*y - 16, -2*y = -5*f + 12 + 5. Let r be -1*1*(0 + -16). Suppose f = c - r. Is c a multiple of 14?
False
Let c(x) = x**2 + 7*x - 8. Suppose 2*u = -4*l - 3 + 7, 3*l - 15 = 0. Let m be c(u). Suppose -2*j = -m - 42. Is j a multiple of 7?
True
Suppose 0 = 3*n - 6*n - 18. Is (-20)/(-15)*(-27)/n a multiple of 2?
True
Let n(s) = s**3 + 11*s**2 + 3*s + 18. Is 9 a factor of n(-10)?
False
Suppose 0 = -2*k + 131 + 19. Suppose -4*c + 4*p - 56 = 28, -5*c = p + k. Let w = c - -33. Is w a multiple of 9?
False
Let j = 14 - 1. Let c(s) = -s**3 - 4*s**2 + 9*s + 2. Let v be c(-6). Suppose 0 = -w + o + j, 3*o + v = 4*w - 30. Does 4 divide w?
False
Suppose -16 + 4 = -4*a. Let s be 30/(-1) - (a - 6). Let y = s - -56. Does 10 divide y?
False
Suppose -12*u = -14*u + 420. Is 23 a factor of u?
False
Suppose x + 1 = -2*l - 10, 4*x = 3*l + 22. Let v(o) = o**3 + 5*o**2 - 7*o - 7. Let j be v(l). Is j*(-4 + (2 - 1)) a multiple of 2?
False
Let f = -1 + 4. Suppose 3*g = -5*c + 41, f*c + 42 = 2*g - c. Is g a multiple of 8?
False
Is (-9 + 8)/(1/(-25)) a multiple of 5?
True
Let x = 9 + -19. Let u = 16 + x. Is 9 + -3*(-2)/u a multiple of 7?
False
Suppose 0 = 11*b - 7*b + 192. Let u = b - -104. Does 14 divide u?
True
Let b(v) = v - 6. Is 2 a factor of b(9)?
False
Suppose t = -0*t + 25. Does 5 divide t?
True
Let g(j) = j + 6. Is 4 a factor of g(10)?
True
Let z(r) = 34 - r**2 + 2*r**2 - r - 34. Let h = 14 + -10. Is z(h) a multiple of 4?
True
Suppose 5*s + 0*s - 4 = -2*k, 3*s = 0. Let i be (4/k)/((-2)/(-9)). Suppose 0 = c - 14 - i. Is c a multiple of 9?
False
Let g(r) = -r**2 + 17. Does 5 divide g(0)?
False
Let a(s) = -2*s + 8. Let u be a(3). Suppose 3*v + 55 = 2*l - 165, u*v + 539 = 5*l. Is l a multiple of 31?
False
Let f(v) be the third derivative of 0*v**3 + 0*v - 7/12*v**4 + 3*v**2 + 0. Is 14 a factor of f(-2)?
True
Suppose -3*f + 4*g + 259 = 0, g + 44 + 43 = f. Is f a multiple of 10?
False
Let o = 168 + -116. Does 12 divide o?
False
Let i(v) be the first derivative of 3*v**2/2 - 3*v - 3. Does 2 divide i(3)?
True
Let u = 16 + -13. Does 3 divide u?
True
Let i(u) = -u + 4. Let b = 11 - 4. Let g be i(b). Let f(z) = -4*z. Is f(g) a multiple of 10?
False
Suppose -4*g = m - 82, 2*g - 2*m + m - 44 = 0. Is 4 a factor of g?
False
Let a(o) = o - 1. Let c(s) = 21*s**2 - 5*s + 6. Let j(w) = 6*a(w) + c(w). Let g be j(1). Suppose 3*k = 2*k + g. Does 10 divide k?
False
Is (-6)/(-14) - (-1544)/56 a multiple of 7?
True
Let j(z) = 4*z - 5. Suppose -4*c - 6 = -c. Let g be 6 + c + 1/1. Is 10 a factor of j(g)?
False
Suppose -3*l - 7 - 11 = 0. Let k be 50/18 + l/(-27). Is -12*k*(-3)/6 a multiple of 9?
True
Suppose 3*u + 3*i - 201 = 0, i - 3*i = -5*u + 342. Let j = -32 + u. Suppose -s - 22 = 2*o - 70, 5*s = 2*o - j. Is o a multiple of 8?
False
Let m(p) be the third derivative of -3*p**6/5 + p**5/60 + p**4/24 + 4*p**2. Let u be m(-1). Suppose -u = -0*t - 4*t. Is t a multiple of 6?
True
Is 22 a factor of ((-60)/75)/(-1*(-6)/(-1455))?
False
Let c be 4/(12/21) + -2. Let d(o) = 7*o + 1. Does 18 divide d(c)?
True
Suppose 16*h - 1440 = 6*h. Is 24 a factor of h?
True
Let k(r) = -6*r - 8. Does 15 divide k(-6)?
False
Let u(v) = -v**3 - 2*v**2 - 2*v + 3. Let y be u(-3). Let o = y - 9. Is 3 a factor of o?
True
Suppose 3*q = -2*u - 14, 0*u + 5*u + 1 = q. Is 3 a factor of (u/(-2))/(3/42)?
False
Let u(n) = n**3 - 4*n**2 - 4*n - 2. Let d be u(5). Is 25 a factor of (-2)/d*(-225)/6?
True
Let v(m) = 13*m - 10. Is v(7) a multiple of 19?
False
Suppose -402 = -3*h + 3*r, h + 3*r = 146 - 20. Does 44 divide h?
True
Let d(s) = 1 + 4*s + 24*s**2 - s + 1. Let k be d(-2). Suppose -5*z + 12 = -4*g + 96, 0 = -4*g + 3*z + k. Does 11 divide g?
False
Suppose -105 - 102 = -3*f. Is 12 a factor of f?
False
Suppose 5*v - 36 = -2*t + 2*v, 2*v = -8. Does 6 divide t?
True
Let j be 2 + (-2 - -1) + 2. Suppose 12 + 9 = j*a. Is a a multiple of 7?
True
Suppose 5*w - 195 = -3*o, -5*w = 7*o - 3*o - 200. Is w a multiple of 15?
False
Let r = -5 - -5. Let f = 2 + r. Suppose t + 11 = 2*j, 4*j + f*t - 4 + 2 = 0. Does 2 divide j?
False
Suppose -3*b - 4 + 14 = -5*z, -4*z = 5*b - 66. Let k = 36 - b. Does 23 divide k?
False
Suppose u + 3*i - 10 = 0, 4*u - 40 = -0*i - 5*i. Suppose -8*h - 92 = -u*h. Is 23 a factor of h?
True
Let u = 4 - 4. Suppose 4*k = u, 2*g + k - 6 = 4. Suppose -4*v + v + 143 = 5*f, -g*v + 89 = 3*f. Does 14 divide f?
True
Let b = 43 - 29. Does 12 divide b?
False
Let t(o) = 2*o**2 - 2*o - 3. Is 3 a factor of t(3)?
True
Let c = -3 + 5. Suppose -2*y + 4*y + c*t = 18, -13 = -5*y + 3*t. Suppose 31 = l - 5*b, -4*l + 2*b = y*b - 147. Does 18 divide l?
True
Let k(h) = -h**2 + 3*h - 1. Let l be k(2). Does 11 divide (-1)/(l/2) + 26?
False
Let r(l) = -2*l**2 - 20*l + 17. Let t(n) = -n**2 - 10*n + 8. Let i(f) = -2*r(f) + 5*t(f). Let y(d) = d**2 - 12*d - 33. Let p be y(14). Is i(p) a multiple of 11?
False
Suppose -b - b = -130. Suppose z = 5*m - 137, -